{"id":236,"date":"2018-05-01T10:14:18","date_gmt":"2018-05-01T14:14:18","guid":{"rendered":"http:\/\/rarathemesdemo.com\/rara-business\/newsletter\/"},"modified":"2021-01-26T19:23:18","modified_gmt":"2021-01-26T23:23:18","slug":"banca-movil-aa","status":"publish","type":"page","link":"https:\/\/sumum.do\/?page_id=236","title":{"rendered":"Banca M\u00f3vil AA"},"content":{"rendered":"<div class=\"wp-block-buttons\">\n<div class=\"wp-block-button is-style-outline\"><a class=\"wp-block-button__link\" href=\"https:\/\/play.google.com\/store\/apps\/details?id=com.reynosotech.bancamovilaa\" target=\"_blank\" rel=\"noreferrer noopener\"><img class=\"wp-image-532\" style=\"width: 64px;\" src=\"http:\/\/jointech.com.do\/wp-content\/uploads\/2021\/01\/152_Google_Play-512-e1610499764837.png\" alt=\"\" \/><\/a><\/div>\n<\/div>\n\n\n<p>Aplicaci\u00f3n para la venta de n\u00fameros de loter\u00eda.<\/p>\n\n\n\n<p>* M\u00faltiples usuarios<br>* Ventas de m\u00faltiples loter\u00eda simult\u00e1neas. (Quinielas, Pal\u00e9, S\u00faper Pal\u00e9 y Tripletas).<br>* Copia de la \u00faltima jugada<br>* Cuadre por usuario y por fecha<br>* Gr\u00e1ficas de ventas vs jugadas ganadas<br>* Gr\u00e1ficas de ventas por mes<br>* Gr\u00e1fica TOP 5 N\u00fameros m\u00e1s jugados por d\u00eda<br>* Impresi\u00f3n de ticket en Printer Bluetooth<br>* Impresi\u00f3n de cuadre de caja<br>* Anular Ticket<br>* Consulta de ventas por rango de fecha<br>* Reporte de resultados<br>* Reporte de ventas<br>* Reporte de ganadores<br>* Multi-Idiomas (Espa\u00f1ol, Ingl\u00e9s y Franc\u00e9s)<\/p>\n\n\n\n<p>Modelo Printer: Mini Thermal Printer PO8-5802DD<\/p>\n","protected":false},"excerpt":{"rendered":"<p>Aplicaci\u00f3n para la venta de n\u00fameros de loter\u00eda. * M\u00faltiples usuarios* Ventas de m\u00faltiples loter\u00eda simult\u00e1neas. (Quinielas, Pal\u00e9, S\u00faper Pal\u00e9 y Tripletas).* Copia de la \u00faltima jugada* Cuadre por usuario y por fecha* Gr\u00e1ficas de ventas vs jugadas ganadas* Gr\u00e1ficas de ventas por mes* Gr\u00e1fica TOP 5 N\u00fameros m\u00e1s jugados por d\u00eda* Impresi\u00f3n de ticket &hellip; <\/p>\n","protected":false},"author":2,"featured_media":0,"parent":0,"menu_order":0,"comment_status":"closed","ping_status":"closed","template":"","meta":[],"_links":{"self":[{"href":"https:\/\/sumum.do\/index.php?rest_route=\/wp\/v2\/pages\/236"}],"collection":[{"href":"https:\/\/sumum.do\/index.php?rest_route=\/wp\/v2\/pages"}],"about":[{"href":"https:\/\/sumum.do\/index.php?rest_route=\/wp\/v2\/types\/page"}],"author":[{"embeddable":true,"href":"https:\/\/sumum.do\/index.php?rest_route=\/wp\/v2\/users\/2"}],"replies":[{"embeddable":true,"href":"https:\/\/sumum.do\/index.php?rest_route=%2Fwp%2Fv2%2Fcomments&post=236"}],"version-history":[{"count":2,"href":"https:\/\/sumum.do\/index.php?rest_route=\/wp\/v2\/pages\/236\/revisions"}],"predecessor-version":[{"id":451,"href":"https:\/\/sumum.do\/index.php?rest_route=\/wp\/v2\/pages\/236\/revisions\/451"}],"wp:attachment":[{"href":"https:\/\/sumum.do\/index.php?rest_route=%2Fwp%2Fv2%2Fmedia&parent=236"}],"curies":[{"name":"wp","href":"https:\/\/api.w.org\/{rel}","templated":true}]}}