{"id":2,"date":"2016-05-10T03:48:21","date_gmt":"2016-05-10T07:48:21","guid":{"rendered":"http:\/\/sumum.do\/?page_id=2"},"modified":"2021-01-26T19:22:26","modified_gmt":"2021-01-26T23:22:26","slug":"rexidencial","status":"publish","type":"page","link":"https:\/\/sumum.do\/?page_id=2","title":{"rendered":"Rexidencial"},"content":{"rendered":"\n\nAplicaci\u00f3n web para la administraci\u00f3n de residenciales.\n\n \n\n \n<ul>\n \t<li>Control de pagos<\/li>\n<\/ul>\n \n<ul>\n \t<li>Control de gastos<\/li>\n<\/ul>\n \n<ul>\n \t<li>Registro de consumo de gas com\u00fan<\/li>\n<\/ul>\n \n<ul>\n \t<li>Historial de pagos<\/li>\n<\/ul>\n \n<ul>\n \t<li>Gr\u00e1ficos de cuentas por cobrar<\/li>\n<\/ul>\n \n\nY mucho m\u00e1s&#8230;","protected":false},"excerpt":{"rendered":"<p>Aplicaci\u00f3n web para la administraci\u00f3n de residenciales. Control de pagos Control de gastos Registro de consumo de gas com\u00fan Historial de pagos Gr\u00e1ficos de cuentas por cobrar Y mucho m\u00e1s&#8230;<\/p>\n","protected":false},"author":2,"featured_media":0,"parent":0,"menu_order":0,"comment_status":"closed","ping_status":"closed","template":"","meta":[],"_links":{"self":[{"href":"https:\/\/sumum.do\/index.php?rest_route=\/wp\/v2\/pages\/2"}],"collection":[{"href":"https:\/\/sumum.do\/index.php?rest_route=\/wp\/v2\/pages"}],"about":[{"href":"https:\/\/sumum.do\/index.php?rest_route=\/wp\/v2\/types\/page"}],"author":[{"embeddable":true,"href":"https:\/\/sumum.do\/index.php?rest_route=\/wp\/v2\/users\/2"}],"replies":[{"embeddable":true,"href":"https:\/\/sumum.do\/index.php?rest_route=%2Fwp%2Fv2%2Fcomments&post=2"}],"version-history":[{"count":1,"href":"https:\/\/sumum.do\/index.php?rest_route=\/wp\/v2\/pages\/2\/revisions"}],"predecessor-version":[{"id":454,"href":"https:\/\/sumum.do\/index.php?rest_route=\/wp\/v2\/pages\/2\/revisions\/454"}],"wp:attachment":[{"href":"https:\/\/sumum.do\/index.php?rest_route=%2Fwp%2Fv2%2Fmedia&parent=2"}],"curies":[{"name":"wp","href":"https:\/\/api.w.org\/{rel}","templated":true}]}}